pose -4*w - 174 = -3*t, -t + 160 = -4*w - b*t. Let z = w - -51. What is the units digit of z?
9
Let b = 1 + -6. Let s(j) = 10*j**2 - 9. Let g be s(b). Suppose 4*z = 71 + g. What is the units digit of z?
8
Suppose 27*h = 13*h + 28. Suppose 3*o + 3*l - 1878 = 0, -5*o + 1938 = -h*l - 1227. What is the tens digit of o?
3
Suppose 0 = -7*v + 2*v + 3*d + 58, -46 = -3*v - d. Suppose 4*b = v*b - 3150. Suppose -5*x + 2*q = 45 - b, -3*x + q + 163 = 0. What is the units digit of x?
6
Let p(x) = -x**3 + 7*x**2 + 5*x + 24. Let y be p(8). Let f(v) be the third derivative of -v**5/30 + v**4/12 + 19*v**3/3 + v**2. What is the units digit of f(y)?
8
Suppose 0 = 131*d - 1240960 - 1893084. What is the units digit of d?
4
Let x(q) = -q - 1. Let y be x(-8). Suppose 0 = y*t - 8 + 36. What is the units digit of (3/(-9))/(t + 1414/354)?
9
Let a(j) = 17673*j**2 + 12*j + 6. What is the hundreds digit of a(-1)?
6
Suppose -3*v + c = -v - 1381, 5*v - 3455 = 2*c. Let t be ((-4)/(-6))/((-11)/v). What is the units digit of t/9*(-4 + -17)?
8
Let n = 15321 + -9808. What is the thousands digit of n?
5
Suppose 49*b + 64*b = -4*b + 979758. What is the tens digit of b?
7
Let n be (48/10)/(2/(-10)). Suppose -6*h - 33 = -5*s, -5*h - 1 = 14. What is the units digit of 1/s + -7 + (-1624)/n?
1
Suppose 3*x = 3*o + 33747, -6*x + 5*o = -4*x - 22510. Suppose -16*f - 669 = -x. What is the hundreds digit of f?
6
Let l = -46 - -48. Suppose -3*j - 4*q + 753 = 0, -l*q - 280 = -3*j + 455. What is the hundreds digit of j?
2
Suppose 16958 = o - 5*i, 4*o - 82492 = i - 14679. What is the hundreds digit of o?
9
Let t be 1 + -5 + (15 - (5 + -5)). Suppose -4*s - 4018 = -t*s. What is the tens digit of s?
7
Let l(k) = 860*k**2 - 30*k + 58. What is the units digit of l(2)?
8
Suppose -8*m + 2986 = -2686. Suppose -3787 + m = -57*h. What is the tens digit of h?
5
Suppose 5*t - 177*t + 12649536 = -28*t. What is the thousands digit of t?
7
Let m(o) = -o**2 + 15*o - 32. Let r be m(15). Let b = 30 + r. What is the tens digit of (b - (-3)/2)/(13/(-494))?
1
Let k be (-20)/12*-1*3. Suppose -k*c + 2*c = -9. Suppose 0 = 5*f - 3*d - 445, 5*f - 445 = c*d - 2*d. What is the units digit of f?
9
Suppose -3887 - 433 = 15*u. Let x = u - -713. What is the tens digit of x?
2
Let t(a) be the third derivative of a**4/8 - 7*a**3/2 - 22*a**2. Let j be t(7). Suppose 5*l = -j*l + 565. What is the tens digit of l?
1
Let s(z) = -z**3 - 28*z**2 + 80*z + 61. What is the tens digit of s(-36)?
4
Let a = 246 - 128. Let q be (20/(-40))/(2*(-1)/(-36)). Let b = a - q. What is the tens digit of b?
2
Let o(a) = 6*a + 57. Let t be o(-9). Suppose 4*d + 585 = 5*d - 5*f, -4*f + 1755 = t*d. What is the units digit of d?
5
Let z(i) = 34 + 4 + 2443*i - 2426*i + 5*i**2. What is the units digit of z(-19)?
0
Let f(v) = v**3 - 31*v**2 + 32*v - 236. What is the tens digit of f(31)?
5
Let x = -33 - -267. Let s = 440 - x. What is the units digit of s?
6
Let q(j) = 10*j + 5. Let l be q(0). What is the hundreds digit of 975 - 6/(-8 + l)?
9
What is the ten thousands digit of -4*446*198/(-24)?
1
Let o = -21359 - -30787. What is the units digit of o?
8
Let l = -5734 + 27117. What is the hundreds digit of l?
3
Let k(v) = 69*v - 205. Let x be k(3). Let q be 90/(-4)*(-24)/10. Suppose 2*j + x - q = 0. What is the tens digit of j?
2
Suppose -481*d = -956*d + 495*d - 551600. What is the hundreds digit of d?
5
Let h(j) = 457*j + 47. Let z be h(13). Let n = z - -5265. What is the tens digit of n/99 + (-5)/3 + 1?
1
Suppose 0 = -3*t - 9, 7*t = -2*x + 2*t - 1. Suppose -1242 + 444 = -x*z. Suppose 0 = 3*w - 3*g - 639, -103 = -w - 3*g + z. What is the tens digit of w?
1
Suppose 6*t = 14*t + 360. Let z be 4/18 + (-125)/t. Suppose z*s - 7*s = -64. What is the units digit of s?
6
Let i be (42/4)/7 - 50827/(-14). Suppose 15*t - 11*t = 2*b + i, 0 = -2*t - 3*b + 1800. What is the tens digit of t?
0
Let s(t) = 2*t + 311. Suppose 5*q = 8*q + 7*q. Let z be s(q). Let v = z + -216. What is the tens digit of v?
9
Suppose -224*v = -223*v + b - 43981, 219905 = 5*v + 4*b. What is the ten thousands digit of v?
4
Suppose -o + 250 = 4*o + j, 2*o - 3*j = 100. Let l = o + -26. Suppose -k + 57 = l. What is the tens digit of k?
3
Suppose -3*b + 4*o + 17 = 2*b, -10 = -5*o. Suppose -r + b*r = 0. Suppose 6*c - 3*c - 57 = r. What is the tens digit of c?
1
Let s(a) = -a**3 + 12*a**2 + 2*a + 35. Let i be s(12). Suppose -2088 = -i*o + 23*o. What is the units digit of o?
8
What is the hundreds digit of 15*(-14426)/(-3)*(170/(-20))/(-17)?
0
Suppose -2*o + 115 = -3*h, -3*h + 90 = -6*h - 3*o. Let p(m) = -2*m**3 + 14*m**2 + 8*m - 37. Let w be p(5). Let j = w + h. What is the units digit of j?
8
Suppose o = -4*b + 656, -b + 6*b + 4*o = 809. Let r be (-3)/(5 - 3/(60/112)). Suppose 0 = r*u - 5*l - b, 36 = 2*u + 2*l - 14. What is the units digit of u?
9
Suppose 104439 = 4*m - 3*t - 137068, -5*m = 5*t - 301875. What is the ten thousands digit of m?
6
Let f = 837 + -4. Let g = f - 577. What is the hundreds digit of g?
2
Let s(y) = 5*y - 64. Let f be s(13). What is the hundreds digit of f + 1 + -1 + 383?
3
Let f = -628 + 1609. Let k = -70 + f. What is the units digit of k?
1
Let j be (-6)/(-54)*19767 + 2/(-6). Suppose -490*n = -488*n - j. What is the thousands digit of n?
1
Suppose 7*v + 32*v - 261855 = 520524. What is the units digit of v?
1
Let z(l) = l**3 - 22*l**2 + 29*l - 6. Let i be z(22). Suppose -9*g + 7*g - 5*t = -i, -4*g + 1264 = -2*t. What is the tens digit of g?
1
Suppose -5*w + 4*w - 1 = -3*a, 0 = 2*a + 4*w - 10. What is the hundreds digit of (-4)/(-2) + (1121 - a)?
1
Suppose -3*a = -4*j + 12, 0 = j + 4*a + 27 - 11. Suppose 4*q - 12*q = j. What is the units digit of (q + 0)/3 - -39?
9
Let b(o) = -5*o**3 + 4*o**2 + 6*o - 27. Let n be b(-5). Let q = n - -73. What is the hundreds digit of q?
7
Suppose 3*g = -3*g + 5796. Suppose -35*v = 11*v - g. What is the tens digit of v?
2
Let a(x) = -1270*x - 434. What is the units digit of a(-11)?
6
Suppose -120*q = 3*z - 117*q - 166581, 111054 = 2*z + 4*q. What is the units digit of z?
7
What is the thousands digit of 34433 - -9 - (-4 - -1)?
4
Let p = -117 - -118. What is the units digit of (p + 54/(-4))*1044/(-30)?
5
Suppose -772*a = -775*a + 21, -3*k + 51588 = -3*a. What is the ten thousands digit of k?
1
Suppose 183*q = 178*q + 58110. Suppose -q = -12*y + 2670. What is the units digit of y?
1
Let f(g) = -g**3 - 90*g**2 - 69*g - 352. What is the ten thousands digit of f(-91)?
1
Let m = -15928 - -24887. What is the thousands digit of m?
8
Let g = 74 - -21. Suppose 17 = 8*c - g. Suppose c*m - 2*m = 2916. What is the tens digit of m?
4
Suppose -313 - 1583 = -12*l. Let n = 333 - l. What is the units digit of n?
5
Suppose -4*y = -8*y - 1376. Let o = 489 + y. What is the units digit of o?
5
Let t(o) = 188*o**2 + 15*o + 484. What is the tens digit of t(9)?
4
What is the hundreds digit of 6/8 + 228508/112?
0
Let f(t) = -31*t + 1064. What is the thousands digit of f(-7)?
1
Let z = 463 + -161. Suppose a - 221 = z. What is the tens digit of a?
2
Let d(q) = -q**2 - 5*q + 8. Let s = 94 - 100. Let f be d(s). Suppose f*z - 3*l - 389 = -8*l, 4*z + l - 805 = 0. What is the hundreds digit of z?
2
Suppose 982344 = -389*x + 521*x. What is the thousands digit of x?
7
What is the units digit of ((-206654)/(-56) - 1/((-12)/9)) + -6?
5
Suppose -123 = -5*u + 3*b, 0 = -4*u + 7*u - 4*b - 76. Suppose 0 = -u*h + 14417 + 23047. What is the thousands digit of h?
1
Suppose -29*l - 28*l - 31*l = -1017896. What is the units digit of l?
7
Suppose 5478 = 4*f - y, f - 2*y = 959 + 400. What is the thousands digit of f?
1
Suppose 0 = -v - 4*x + 55188, 27*v - 386559 = 20*v - x. What is the tens digit of v?
2
What is the thousands digit of -9708*3*132/(-88)?
3
Let d(z) = -8*z**2 + 9*z + 0*z**2 - 17 - 6 + 4*z**2. Let m be d(5). Let o = m - -129. What is the tens digit of o?
5
Let n(k) = -192*k**2 - 10*k - 3. Let t(f) = 190*f**2 + 9*f + 3. Let h(z) = 5*n(z) + 6*t(z). What is the tens digit of h(-1)?
7
Let g(f) = -3*f**3 - 16*f**2 - 20*f + 19. Let i be g(-12). Suppose -i = -5*y - 3*t, -2*y = -3*t - 391 - 852. What is the hundreds digit of y?
6
Let a = 13149 + -7677. What is the thousands digit of a?
5
Let s(w) = w**3 - 2*w**2 - 3*w - 14. Let f be s(-4). Let h = 223 - 109. Let i = f + h. What is the tens 